108 = 0, -3*x + m*x - 5*p - 404 = 0. What is the tens digit of x?
9
Suppose 1 = 3*y + 4*b - 8, 5*b - 15 = -5*y. Suppose -k = y*k + 360. Let f = k + 149. What is the tens digit of f?
5
What is the hundreds digit of (-3 + (0 - -357))*(9 + -8)?
3
Let r = 25 + -12. Suppose u - 3*j = -u + r, 3*j + 15 = 3*u. Suppose 0*x + 10 = 5*x, -3*x - 46 = -u*w. What is the tens digit of w?
2
Suppose 0 = -o - 279 - 19. Let q = -158 - o. Suppose -5*g + q = -5*k, 4*g - 3*g + 2*k - 13 = 0. What is the units digit of g?
3
Suppose 8*u - 48187 + 15635 = 0. What is the tens digit of u?
6
Suppose -2*j - 30 = -4*b, b - 5*j + 1 = 4. Suppose b*h = 6*h + 220. What is the hundreds digit of h?
1
Let r be 8/(-24) - 58/(-3). Suppose -14*o - 250 = -r*o. What is the units digit of o?
0
What is the hundreds digit of ((-2)/6)/((-1)/1626)?
5
Suppose -7*c - 1616 = -10198. What is the hundreds digit of c?
2
Let b(l) = 145*l + 1574. What is the tens digit of b(0)?
7
What is the hundreds digit of 0 - 1949/(-4) - (-9)/12?
4
Let n = -20 + 28. Suppose -7*g + 3*g = -n. Suppose q = 2*m - 106, 7*m - 2*q - 264 = g*m. What is the units digit of m?
2
Let f(i) = 16*i + 7. Let d(t) = 33*t + 14. Let m(k) = 3*d(k) - 7*f(k). Suppose -3*g = -y + 12, 5*g + y + 2*y = -20. What is the units digit of m(g)?
5
Let m = -26 + 29. Suppose -103 = -m*t + 203. Suppose -t = 5*r - 8*r. What is the units digit of r?
4
Let i be 0 + (-2)/(-3) - (-8)/(-12). Suppose i*h - 204 = -2*h. What is the tens digit of h?
0
Let x(q) = 3*q + 3 - q - 2*q + 6*q. What is the units digit of x(3)?
1
Let r(o) = o**2 - 6*o - 20. Let j = -57 + 51. What is the units digit of r(j)?
2
Let b = 143 - 95. Suppose -p = 3*p + b. What is the units digit of 1*(p/(-3) + 3)?
7
Suppose -77 = -2*l + 9. Let s = l + -31. Let k(n) = 2*n - 17. What is the units digit of k(s)?
7
Suppose -88*b = -90*b + 442. Let q = b - -9. What is the tens digit of q?
3
Suppose 2*s = -3*q - 37, -3*s - 38 = -3*q + 10. Let y = -13 - s. Suppose -x + 37 = y. What is the tens digit of x?
3
Suppose -47 = -0*w - w. Suppose -a + 40 = -2*j, 3*a = -0*j - j - 20. Let m = j + w. What is the units digit of m?
7
Let g(d) = -d**2 - 6*d + 3. Let y be g(-6). Let s = -89 - -140. Suppose 0*l - s = -y*l. What is the tens digit of l?
1
Let i = -14 + 16. Let o be i - (6/(-2) - -3). Suppose o*k = -4*f + 33 + 19, -2*k + 3*f = -87. What is the units digit of k?
6
Let s(t) = t**3 + 52*t**2 + 96*t - 51. What is the units digit of s(-50)?
9
Let a = -19 + 31. Suppose -5*s + 2*s = a. Let o(v) = -v**3 + v**2 + 7*v + 6. What is the units digit of o(s)?
8
Let p be -3 - -2*9/(-6). Let z = 28 - p. Suppose 2*u = -2*a + z, a + 4*a + 3*u - 77 = 0. What is the tens digit of a?
1
Let w = -75 - -75. Suppose w = -4*v + 2*b + 842, -3*v = -4*b - 460 - 169. What is the hundreds digit of v?
2
Suppose 0 = 2*l - 7*l + 4*u + 1095, l - 219 = u. What is the units digit of l?
9
Suppose -2339 = -24*s + 1693. What is the hundreds digit of s?
1
Suppose 0 = 5*h - 3*b + 2*b - 19, -4*b = -h. Suppose 106 = h*j - 162. What is the units digit of j?
7
Suppose -5*p - 17 = -6*p. Suppose -5*y + 49 = 2*c, -2*y - 5*c - p = -45. Let k = 13 + y. What is the tens digit of k?
2
Let o(g) be the first derivative of -7*g**2 - 10*g - 20. What is the tens digit of o(-3)?
3
Suppose 7*a = 2*a + 530. Let m(h) = h**2 - 9*h - 280. Let t be m(21). Let o = t + a. What is the units digit of o?
8
Suppose -i - 4 = -3*h, 5*i - 1 + 7 = h. Let v be (i - -1)/(1 - -2). Suppose 5*z = -3*p + z + 26, 3*p + 5*z - 31 = v. What is the units digit of p?
2
Suppose 3*r - 39 = -21. Suppose -r*m - 240 = -10*m. What is the tens digit of m?
6
Suppose -23*v + 29234 = -34154. What is the thousands digit of v?
2
Suppose 408 = 5*a - 1732. What is the units digit of (0 - -2)/(8/a)?
7
Let k be (-12)/(-2*(-20)/(-16) - -1). Suppose -k*d + 50 + 62 = 0. What is the tens digit of d?
1
Let h be 2 + 0 + 5 + -5. Suppose -6*u - 4*t = -u - 199, 5*u = -h*t + 197. What is the tens digit of u?
3
Let a(l) = -7*l**3 + 3*l**2 - 7*l + 1. Let g(t) = t**3 + t**2 - t. Let n(q) = a(q) + 6*g(q). What is the units digit of n(5)?
6
Let f(g) = g**2 - 11. Let j be f(0). Let y = -9 - j. Suppose p = -3*p + y*a + 54, 3*p - 53 = 4*a. What is the tens digit of p?
1
Let i = 606 - 450. What is the units digit of i?
6
Let l(p) = -180*p + 381. What is the units digit of l(-9)?
1
Let i be 108/3*20/(-30). Let q = 5 - i. What is the units digit of q?
9
Let l(o) = o**2 + o + 3. Let s be l(-4). Let k = -43 + s. What is the tens digit of (-1527)/(-21) + (-8)/k?
7
Let k(r) = 2*r**3 + 4*r**2 - 5*r + 1. Let g be k(1). Let l(a) = 100*a + 7. What is the hundreds digit of l(g)?
2
Let l(o) = o**3 + 4*o**2 + o - 2. Let f be l(-3). Let v = f - -1. Suppose 4*j = -m + 35, v*m + 3*j - 17 = 141. What is the units digit of m?
1
Let q be (-2 - -22)*(-15)/(-12). Let c = q + -19. Suppose 2*g - c - 16 = 0. What is the units digit of g?
1
Suppose -2512 = -3*i + 2*h, -10*i = -15*i + 4*h + 4188. What is the hundreds digit of i?
8
Let b(i) = 11 + 3*i**3 - 8*i - 9 + i**2 + 11 - 2*i**2. What is the tens digit of b(4)?
5
Suppose 2*n + n = 9*n. Suppose -4*a + 3*c + 521 = n, -2*c = -4*a - a + 646. What is the units digit of a?
8
What is the units digit of (13 + -1)*(-1250)/(-30)?
0
Let j = 7 + -3. Let m(s) = -j + 3*s + 8 - 1 - s**3 - 5*s**2. What is the units digit of m(-6)?
1
Let s(c) = -c**3 - 6*c**2 - 10*c - 1. Suppose 8*x - 9*x + 23 = 0. Let k = -27 + x. What is the units digit of s(k)?
7
Let p(u) = -12*u + 36. Let h be ((-11)/22)/(-1 - (-50)/48). What is the hundreds digit of p(h)?
1
Suppose -5*n + 3 = -2. Let i be 1*n/(-1)*0. Suppose r - 24 - 21 = i. What is the tens digit of r?
4
Suppose 9*y - 8*y = -5*a + 2558, 4*a + 5*y - 2059 = 0. What is the tens digit of a?
1
Let w(l) = l**3 + 10*l**2 - l + 11. Suppose -4*b - 4*x = 57 - 9, 5*x = -2*b - 30. Let d be w(b). What is the tens digit of -3 - (d - 2)*-1?
1
Let b be (-1)/1*(-5 + 6 + -676). Suppose 5*u - 5*q - b = 0, -39 - 106 = -u + 3*q. What is the tens digit of u?
3
Let c(h) = -h**2 + 58*h - 307. What is the units digit of c(40)?
3
Suppose -3 = 2*p + 3. Let c = 40 + p. What is the units digit of c?
7
Suppose 6*k - 84 = -12. Let h = 34 - k. What is the units digit of h?
2
Let i be 43*1/1 + -1. Suppose -r - 40 = -2*n, 0 = 4*n + 3*r - i - 28. What is the units digit of n?
9
Suppose -j + 6*j = 20. Suppose 0 = -2*t - j*n, 2 = -5*t - 4*n + 8. Suppose -3*m - 4*f + 37 = 0, -m - f = -t*m + 17. What is the units digit of m?
5
Let q = -209 - -3892. What is the thousands digit of q?
3
Let n be ((-12)/4 - -3)/(-3). Suppose n = 5*t - 180 - 100. Suppose 4*x - 2*y - 14 = 54, -3*x + 4*y = -t. What is the tens digit of x?
1
Let b(r) = 42*r**3 - r**2 - r + 2. Let a = -73 - -74. What is the units digit of b(a)?
2
Let m(a) = a**3 + 13*a**2 + 4*a - 20. Let n be m(-11). Let l = 283 - n. What is the units digit of l?
5
Let g be 10/15*2*-3. What is the tens digit of 6/g - (-315)/10?
3
Suppose -4*n + 27 = -3*x, 8 = -4*n - 2*x - 2*x. Suppose 0 = -s + n*w + 142 - 14, 5*s + 4*w - 659 = 0. What is the hundreds digit of s?
1
Let o(t) = -4*t + t**2 + 0*t - 3 + 7*t + 0*t. Let l be o(-8). Suppose -2*j - 9 = -l. What is the units digit of j?
4
Let h = -5 - -7. Let s = h - -43. Suppose -6*v + 9*v = s. What is the tens digit of v?
1
Let q(h) = 3*h**3 - 18*h**2 + 9*h + 30. What is the units digit of q(9)?
0
Let v be -1*2 - (-1 + -3). What is the tens digit of v - (168 - -4)*2/(-4)?
8
Suppose 3*f = 3*z - 2*z + 1926, 2560 = 4*f - 4*z. What is the units digit of f?
3
Let z be (27/12)/((-15)/1240). Let x = z - -283. What is the tens digit of x?
9
Let n = 71 - 65. Suppose 3*h - 183 = 762. Suppose -n*t = -t - h. What is the tens digit of t?
6
Suppose 5*w = -5*h + 19 + 6, -5*h = 3*w - 17. Let j be w/(-10) - (-456)/15. Suppose j = 2*y - y. What is the tens digit of y?
3
What is the hundreds digit of (-55)/(16/76*(-7)/28)?
0
Let d = 4983 + -950. What is the units digit of d?
3
Suppose -5*k - 120 = -5*h, -5*h + 4*k = 48 - 164. Let y(x) = 18*x**2 - 5*x + h*x**2 - 36*x**2 - 14. What is the tens digit of y(6)?
2
Let c = -29 - -28. Let d(u) = -29*u - 4. What is the tens digit of d(c)?
2
Let w(l) = -10 + l**3 + 13 - 4 - l**2. Let y be w(5). What is the tens digit of ((-2)/(-3))/(2/y)?
3
Suppose 10*t = 6*t + 2744. Suppose 8*l - t = 1154. Wha